{"id":2702,"date":"2024-03-14T20:04:21","date_gmt":"2024-03-14T19:04:21","guid":{"rendered":"https:\/\/itacives.it\/?page_id=2702"},"modified":"2024-03-15T14:07:20","modified_gmt":"2024-03-15T13:07:20","slug":"procedimiento-administrativo-en-los-consulados","status":"publish","type":"page","link":"https:\/\/itacives.it\/?page_id=2702&lang=es","title":{"rendered":"Procedimiento Administrativo en los Consulados"},"content":{"rendered":"\t\t<div data-elementor-type=\"wp-page\" data-elementor-id=\"2702\" class=\"elementor elementor-2702\">\n\t\t\t\t\t\t\t<div class=\"elementor-element elementor-element-bd4b709 e-flex e-con-boxed e-con e-parent\" data-id=\"bd4b709\" data-element_type=\"container\" data-settings=\"{&quot;background_background&quot;:&quot;classic&quot;,&quot;content_width&quot;:&quot;boxed&quot;}\" data-core-v316-plus=\"true\">\n\t\t\t\t\t<div class=\"e-con-inner\">\n\t\t<div class=\"elementor-element elementor-element-66e3958 e-con-full e-flex e-con e-child\" data-id=\"66e3958\" data-element_type=\"container\" data-settings=\"{&quot;content_width&quot;:&quot;full&quot;}\">\n\t\t\t\t<div class=\"elementor-element elementor-element-6179b97 elementor-widget elementor-widget-heading\" data-id=\"6179b97\" data-element_type=\"widget\" data-widget_type=\"heading.default\">\n\t\t\t\t<div class=\"elementor-widget-container\">\n\t\t\t<style>\/*! elementor - v3.18.0 - 20-12-2023 *\/\n.elementor-heading-title{padding:0;margin:0;line-height:1}.elementor-widget-heading .elementor-heading-title[class*=elementor-size-]>a{color:inherit;font-size:inherit;line-height:inherit}.elementor-widget-heading .elementor-heading-title.elementor-size-small{font-size:15px}.elementor-widget-heading .elementor-heading-title.elementor-size-medium{font-size:19px}.elementor-widget-heading .elementor-heading-title.elementor-size-large{font-size:29px}.elementor-widget-heading .elementor-heading-title.elementor-size-xl{font-size:39px}.elementor-widget-heading .elementor-heading-title.elementor-size-xxl{font-size:59px}<\/style><h1 class=\"elementor-heading-title elementor-size-default\">Procedimiento Administrativo en los Consulados<\/h1>\t\t<\/div>\n\t\t\t\t<\/div>\n\t\t\t\t<\/div>\n\t\t\t\t\t<\/div>\n\t\t\t\t<\/div>\n\t\t<div class=\"elementor-element elementor-element-0e7cc72 e-flex e-con-boxed e-con e-parent\" data-id=\"0e7cc72\" data-element_type=\"container\" data-settings=\"{&quot;background_background&quot;:&quot;classic&quot;,&quot;content_width&quot;:&quot;boxed&quot;}\" data-core-v316-plus=\"true\">\n\t\t\t\t\t<div class=\"e-con-inner\">\n\t\t<div class=\"elementor-element elementor-element-5d548f9 e-con-full e-flex e-con e-child\" data-id=\"5d548f9\" data-element_type=\"container\" data-settings=\"{&quot;content_width&quot;:&quot;full&quot;}\">\n\t\t<div class=\"elementor-element elementor-element-bcdd19d e-con-full e-flex e-con e-child\" data-id=\"bcdd19d\" data-element_type=\"container\" data-settings=\"{&quot;content_width&quot;:&quot;full&quot;}\">\n\t\t<div class=\"elementor-element elementor-element-f64cca2 e-con-full e-flex e-con e-child\" data-id=\"f64cca2\" data-element_type=\"container\" data-settings=\"{&quot;content_width&quot;:&quot;full&quot;}\">\n\t\t\t\t<div class=\"elementor-element elementor-element-e57cb7f elementor-widget elementor-widget-image\" data-id=\"e57cb7f\" data-element_type=\"widget\" data-widget_type=\"image.default\">\n\t\t\t\t<div class=\"elementor-widget-container\">\n\t\t\t<style>\/*! elementor - v3.18.0 - 20-12-2023 *\/\n.elementor-widget-image{text-align:center}.elementor-widget-image a{display:inline-block}.elementor-widget-image a img[src$=\".svg\"]{width:48px}.elementor-widget-image img{vertical-align:middle;display:inline-block}<\/style>\t\t\t\t\t\t\t\t\t\t\t\t<img decoding=\"async\" width=\"84\" height=\"84\" src=\"https:\/\/itacives.it\/wp-content\/uploads\/2024\/01\/PRATICHE-CONSOLATO.png\" class=\"attachment-large size-large wp-image-2099\" alt=\"\" \/>\t\t\t\t\t\t\t\t\t\t\t\t\t\t\t<\/div>\n\t\t\t\t<\/div>\n\t\t\t\t<div class=\"elementor-element elementor-element-b459107 elementor-widget elementor-widget-image\" data-id=\"b459107\" data-element_type=\"widget\" data-widget_type=\"image.default\">\n\t\t\t\t<div class=\"elementor-widget-container\">\n\t\t\t\t\t\t\t\t\t\t\t\t\t\t\t<img fetchpriority=\"high\" decoding=\"async\" width=\"600\" height=\"441\" src=\"https:\/\/itacives.it\/wp-content\/uploads\/2024\/01\/bandiere-italia-ue-consolato.webp\" class=\"attachment-large size-large wp-image-1820\" alt=\"\" srcset=\"https:\/\/itacives.it\/wp-content\/uploads\/2024\/01\/bandiere-italia-ue-consolato.webp 600w, https:\/\/itacives.it\/wp-content\/uploads\/2024\/01\/bandiere-italia-ue-consolato-300x221.webp 300w\" sizes=\"(max-width: 600px) 100vw, 600px\" \/>\t\t\t\t\t\t\t\t\t\t\t\t\t\t\t<\/div>\n\t\t\t\t<\/div>\n\t\t\t\t<\/div>\n\t\t<div class=\"elementor-element elementor-element-e3cf305 e-con-full e-flex e-con e-child\" data-id=\"e3cf305\" data-element_type=\"container\" data-settings=\"{&quot;content_width&quot;:&quot;full&quot;}\">\n\t\t\t\t<div class=\"elementor-element elementor-element-c882e62 elementor-widget elementor-widget-text-editor\" data-id=\"c882e62\" data-element_type=\"widget\" data-widget_type=\"text-editor.default\">\n\t\t\t\t<div class=\"elementor-widget-container\">\n\t\t\t<style>\/*! elementor - v3.18.0 - 20-12-2023 *\/\n.elementor-widget-text-editor.elementor-drop-cap-view-stacked .elementor-drop-cap{background-color:#69727d;color:#fff}.elementor-widget-text-editor.elementor-drop-cap-view-framed .elementor-drop-cap{color:#69727d;border:3px solid;background-color:transparent}.elementor-widget-text-editor:not(.elementor-drop-cap-view-default) .elementor-drop-cap{margin-top:8px}.elementor-widget-text-editor:not(.elementor-drop-cap-view-default) .elementor-drop-cap-letter{width:1em;height:1em}.elementor-widget-text-editor .elementor-drop-cap{float:left;text-align:center;line-height:1;font-size:50px}.elementor-widget-text-editor .elementor-drop-cap-letter{display:inline-block}<\/style>\t\t\t\t<p>Es el procedimiento ordinario para el reconocimiento de la ciudadan\u00eda italiana s\u00f3lo para descendientes por <strong>l\u00ednea paterna<\/strong>.<\/p>\t\t\t\t\t\t<\/div>\n\t\t\t\t<\/div>\n\t\t\t\t<div class=\"elementor-element elementor-element-ee81c38 elementor-widget elementor-widget-text-editor\" data-id=\"ee81c38\" data-element_type=\"widget\" data-widget_type=\"text-editor.default\">\n\t\t\t\t<div class=\"elementor-widget-container\">\n\t\t\t\t\t\t\t<p>La autoridad competente para pronunciarse sobre el derecho del interesado al reconocimiento de la ciudadan\u00eda italiana <em>iure sanguinis<\/em> var\u00eda en funci\u00f3n de su residencia. Si el solicitante no reside en Italia, ser\u00e1 competente el consulado italiano de referencia en funci\u00f3n de su residencia.<\/p><p>Si, por el contrario, reside en Italia, la autoridad competente para evaluar la solicitud ser\u00e1 el <a href=\"https:\/\/itacives.it\/?page_id=2698&amp;lang=es\">alcalde del municipio italiano de residencia<\/a>.<\/p><p>Condici\u00f3n previa y absolutamente indispensable para iniciar el procedimiento de reconocimiento de la ciudadan\u00eda italiana es la posesi\u00f3n por parte del interesado de toda la <a href=\"https:\/\/itacives.it\/?page_id=2683&amp;lang=es\">documentaci\u00f3n<\/a> traducida y, si es necesario, legalizada o apostillada, que acredite la descendencia directa del antepasado italiano emigrado al extranjero.<\/p><p>Por lo que respecta al reconocimiento de la ciudadan\u00eda italiana, en realidad es m\u00e1s correcto hablar de reconocimiento de la posesi\u00f3n ininterrumpida de la ciudadan\u00eda italiana y no, como a menudo se oye, de adquisici\u00f3n de la ciudadan\u00eda, ya que el procedimiento tiene por objeto comprobar la posesi\u00f3n de la ciudadan\u00eda italiana desde el nacimiento en la medida en que se ha transmitido por l\u00ednea ascendente directa. Por lo tanto, el procedimiento constatar\u00e1 y declarar\u00e1 que el solicitante es, y ha sido siempre, ciudadano italiano.<\/p><p><strong>A este respecto, es indispensable, como se ha mencionado anteriormente, que ninguno de los ascendientes haya renunciado a la nacionalidad italiana, ya que esta condici\u00f3n interrumpir\u00eda la transmisi\u00f3n al solicitante. <\/strong><\/p><p>El procedimiento en los Consulados difiere ligeramente en cada uno de ellos; de hecho, parece que algunos ya fijan el nombramiento (convocatoria) en la fecha de presentaci\u00f3n de la solicitud, mientras que en la mayor\u00eda de los casos el nombramiento no se recibe hasta m\u00e1s tarde. Muy a menudo, por desgracia, transcurren varios a\u00f1os antes de que se produzca la convocatoria debido a los largu\u00edsimos retrasos que se producen en los consulados. A este respecto, le invitamos a visitar la secci\u00f3n de <a href=\"https:\/\/itacives.it\/?page_id=2712&amp;lang=es\">retrasos en los consulados<\/a><\/p><p>En caso de resultado positivo del expediente en los Consulados, la orden de aceptaci\u00f3n de la solicitud permitir\u00e1 la inscripci\u00f3n en el instituto del \u201cAIRE\u201d y el posterior procedimiento de expedici\u00f3n del pasaporte.<\/p><p><u>Sin embargo, como se preve\u00eda, la representaci\u00f3n consular sigue reconociendo la posibilidad de obtener la nacionalidad italiana en v\u00eda administrativa exclusivamente a favor de los descendientes por <a href=\"https:\/\/itacives.it\/?page_id=2693&amp;lang=es\">l\u00ednea paterna<\/a>, dando s\u00f3lo a estos \u00faltimos la posibilidad de presentar la solicitud en sus oficinas. De hecho, el proceso administrativo no est\u00e1 permitido para los descendientes de la <a href=\"https:\/\/itacives.it\/?page_id=2688&amp;lang=es\">l\u00ednea materna<\/a>.<\/u><\/p><p>Por lo tanto, la \u00fanica posibilidad de que estos \u00faltimos obtengan la nacionalidad italiana, seg\u00fan indican las propias oficinas consulares, es iniciar el <a href=\"https:\/\/itacives.it\/?page_id=2707&amp;lang=es\">procedimiento judicial<\/a>.<\/p>\t\t\t\t\t\t<\/div>\n\t\t\t\t<\/div>\n\t\t\t\t<\/div>\n\t\t\t\t<\/div>\n\t\t\t\t<\/div>\n\t\t\t\t\t<\/div>\n\t\t\t\t<\/div>\n\t\t\t\t\t\t\t<\/div>\n\t\t","protected":false},"excerpt":{"rendered":"<p>Procedimiento Administrativo en los Consulados Es el procedimiento ordinario para el reconocimiento de la ciudadan\u00eda italiana s\u00f3lo para descendientes por l\u00ednea paterna. La autoridad competente para pronunciarse sobre el derecho del interesado al reconocimiento de la ciudadan\u00eda italiana iure sanguinis var\u00eda en funci\u00f3n de su residencia. Si el solicitante no reside en Italia, ser\u00e1 competente &hellip;<\/p>\n<p class=\"read-more\"> <a class=\"\" href=\"https:\/\/itacives.it\/?page_id=2702&#038;lang=es\"> <span class=\"screen-reader-text\">Procedimiento Administrativo en los Consulados<\/span> Read More &raquo;<\/a><\/p>\n","protected":false},"author":2,"featured_media":0,"parent":2633,"menu_order":0,"comment_status":"closed","ping_status":"closed","template":"","meta":{"site-sidebar-layout":"no-sidebar","site-content-layout":"page-builder","ast-site-content-layout":"full-width-container","site-content-style":"unboxed","site-sidebar-style":"unboxed","ast-global-header-display":"","ast-banner-title-visibility":"","ast-main-header-display":"","ast-hfb-above-header-display":"","ast-hfb-below-header-display":"","ast-hfb-mobile-header-display":"","site-post-title":"disabled","ast-breadcrumbs-content":"disabled","ast-featured-img":"disabled","footer-sml-layout":"","theme-transparent-header-meta":"enabled","adv-header-id-meta":"","stick-header-meta":"","header-above-stick-meta":"","header-main-stick-meta":"","header-below-stick-meta":"","astra-migrate-meta-layouts":"set","ast-page-background-enabled":"default","ast-page-background-meta":{"desktop":{"background-color":"","background-image":"","background-repeat":"repeat","background-position":"center center","background-size":"auto","background-attachment":"scroll","background-type":"","background-media":"","overlay-type":"","overlay-color":"","overlay-gradient":""},"tablet":{"background-color":"","background-image":"","background-repeat":"repeat","background-position":"center center","background-size":"auto","background-attachment":"scroll","background-type":"","background-media":"","overlay-type":"","overlay-color":"","overlay-gradient":""},"mobile":{"background-color":"","background-image":"","background-repeat":"repeat","background-position":"center center","background-size":"auto","background-attachment":"scroll","background-type":"","background-media":"","overlay-type":"","overlay-color":"","overlay-gradient":""}},"ast-content-background-meta":{"desktop":{"background-color":"var(--ast-global-color-5)","background-image":"","background-repeat":"repeat","background-position":"center center","background-size":"auto","background-attachment":"scroll","background-type":"","background-media":"","overlay-type":"","overlay-color":"","overlay-gradient":""},"tablet":{"background-color":"var(--ast-global-color-5)","background-image":"","background-repeat":"repeat","background-position":"center center","background-size":"auto","background-attachment":"scroll","background-type":"","background-media":"","overlay-type":"","overlay-color":"","overlay-gradient":""},"mobile":{"background-color":"var(--ast-global-color-5)","background-image":"","background-repeat":"repeat","background-position":"center center","background-size":"auto","background-attachment":"scroll","background-type":"","background-media":"","overlay-type":"","overlay-color":"","overlay-gradient":""}},"footnotes":"","_joinchat":[]},"yoast_head":"<!-- This site is optimized with the Yoast SEO plugin v22.3 - https:\/\/yoast.com\/wordpress\/plugins\/seo\/ -->\n<title>Procedimiento Administrativo en los Consulados - Ita Cives<\/title>\n<meta name=\"robots\" content=\"index, follow, max-snippet:-1, max-image-preview:large, max-video-preview:-1\" \/>\n<link rel=\"canonical\" href=\"https:\/\/itacives.it\/?page_id=2702&lang=es\" \/>\n<meta property=\"og:locale\" content=\"en_US\" \/>\n<meta property=\"og:type\" content=\"article\" \/>\n<meta property=\"og:title\" content=\"Procedimiento Administrativo en los Consulados - Ita Cives\" \/>\n<meta property=\"og:description\" content=\"Procedimiento Administrativo en los Consulados Es el procedimiento ordinario para el reconocimiento de la ciudadan\u00eda italiana s\u00f3lo para descendientes por l\u00ednea paterna. La autoridad competente para pronunciarse sobre el derecho del interesado al reconocimiento de la ciudadan\u00eda italiana iure sanguinis var\u00eda en funci\u00f3n de su residencia. Si el solicitante no reside en Italia, ser\u00e1 competente &hellip; Procedimiento Administrativo en los Consulados Read More &raquo;\" \/>\n<meta property=\"og:url\" content=\"https:\/\/itacives.it\/?page_id=2702&amp;lang=es\" \/>\n<meta property=\"og:site_name\" content=\"Ita Cives\" \/>\n<meta property=\"article:modified_time\" content=\"2024-03-15T13:07:20+00:00\" \/>\n<meta property=\"og:image\" content=\"http:\/\/itacives.it\/wp-content\/uploads\/2024\/01\/PRATICHE-CONSOLATO.png\" \/>\n<meta name=\"twitter:card\" content=\"summary_large_image\" \/>\n<meta name=\"twitter:label1\" content=\"Est. reading time\" \/>\n\t<meta name=\"twitter:data1\" content=\"2 minutes\" \/>\n<script type=\"application\/ld+json\" class=\"yoast-schema-graph\">{\"@context\":\"https:\/\/schema.org\",\"@graph\":[{\"@type\":\"WebPage\",\"@id\":\"https:\/\/itacives.it\/?page_id=2702&lang=es\",\"url\":\"https:\/\/itacives.it\/?page_id=2702&lang=es\",\"name\":\"Procedimiento Administrativo en los Consulados - Ita Cives\",\"isPartOf\":{\"@id\":\"https:\/\/itacives.it\/#website\"},\"primaryImageOfPage\":{\"@id\":\"https:\/\/itacives.it\/?page_id=2702&lang=es#primaryimage\"},\"image\":{\"@id\":\"https:\/\/itacives.it\/?page_id=2702&lang=es#primaryimage\"},\"thumbnailUrl\":\"http:\/\/itacives.it\/wp-content\/uploads\/2024\/01\/PRATICHE-CONSOLATO.png\",\"datePublished\":\"2024-03-14T19:04:21+00:00\",\"dateModified\":\"2024-03-15T13:07:20+00:00\",\"breadcrumb\":{\"@id\":\"https:\/\/itacives.it\/?page_id=2702&lang=es#breadcrumb\"},\"inLanguage\":\"en-US\",\"potentialAction\":[{\"@type\":\"ReadAction\",\"target\":[\"https:\/\/itacives.it\/?page_id=2702&lang=es\"]}]},{\"@type\":\"ImageObject\",\"inLanguage\":\"en-US\",\"@id\":\"https:\/\/itacives.it\/?page_id=2702&lang=es#primaryimage\",\"url\":\"https:\/\/itacives.it\/wp-content\/uploads\/2024\/01\/PRATICHE-CONSOLATO.png\",\"contentUrl\":\"https:\/\/itacives.it\/wp-content\/uploads\/2024\/01\/PRATICHE-CONSOLATO.png\",\"width\":84,\"height\":84},{\"@type\":\"BreadcrumbList\",\"@id\":\"https:\/\/itacives.it\/?page_id=2702&lang=es#breadcrumb\",\"itemListElement\":[{\"@type\":\"ListItem\",\"position\":1,\"name\":\"Home\",\"item\":\"https:\/\/itacives.it\/\"},{\"@type\":\"ListItem\",\"position\":2,\"name\":\"\u00c1reas de Especializaci\u00f3n\",\"item\":\"https:\/\/itacives.it\/?page_id=2633&lang=es\"},{\"@type\":\"ListItem\",\"position\":3,\"name\":\"Procedimiento Administrativo en los Consulados\"}]},{\"@type\":\"WebSite\",\"@id\":\"https:\/\/itacives.it\/#website\",\"url\":\"https:\/\/itacives.it\/\",\"name\":\"Ita Cives\",\"description\":\"Cittadinanza Italiana Iure Sanguinis\",\"publisher\":{\"@id\":\"https:\/\/itacives.it\/#organization\"},\"potentialAction\":[{\"@type\":\"SearchAction\",\"target\":{\"@type\":\"EntryPoint\",\"urlTemplate\":\"https:\/\/itacives.it\/?s={search_term_string}\"},\"query-input\":\"required name=search_term_string\"}],\"inLanguage\":\"en-US\"},{\"@type\":\"Organization\",\"@id\":\"https:\/\/itacives.it\/#organization\",\"name\":\"Ita Cives\",\"url\":\"https:\/\/itacives.it\/\",\"logo\":{\"@type\":\"ImageObject\",\"inLanguage\":\"en-US\",\"@id\":\"https:\/\/itacives.it\/#\/schema\/logo\/image\/\",\"url\":\"https:\/\/itacives.it\/wp-content\/uploads\/2024\/01\/cropped-ita-cives-variazione-colore-1.png\",\"contentUrl\":\"https:\/\/itacives.it\/wp-content\/uploads\/2024\/01\/cropped-ita-cives-variazione-colore-1.png\",\"width\":1168,\"height\":282,\"caption\":\"Ita Cives\"},\"image\":{\"@id\":\"https:\/\/itacives.it\/#\/schema\/logo\/image\/\"}}]}<\/script>\n<!-- \/ Yoast SEO plugin. -->","yoast_head_json":{"title":"Procedimiento Administrativo en los Consulados - Ita Cives","robots":{"index":"index","follow":"follow","max-snippet":"max-snippet:-1","max-image-preview":"max-image-preview:large","max-video-preview":"max-video-preview:-1"},"canonical":"https:\/\/itacives.it\/?page_id=2702&lang=es","og_locale":"en_US","og_type":"article","og_title":"Procedimiento Administrativo en los Consulados - Ita Cives","og_description":"Procedimiento Administrativo en los Consulados Es el procedimiento ordinario para el reconocimiento de la ciudadan\u00eda italiana s\u00f3lo para descendientes por l\u00ednea paterna. La autoridad competente para pronunciarse sobre el derecho del interesado al reconocimiento de la ciudadan\u00eda italiana iure sanguinis var\u00eda en funci\u00f3n de su residencia. Si el solicitante no reside en Italia, ser\u00e1 competente &hellip; Procedimiento Administrativo en los Consulados Read More &raquo;","og_url":"https:\/\/itacives.it\/?page_id=2702&lang=es","og_site_name":"Ita Cives","article_modified_time":"2024-03-15T13:07:20+00:00","og_image":[{"url":"http:\/\/itacives.it\/wp-content\/uploads\/2024\/01\/PRATICHE-CONSOLATO.png"}],"twitter_card":"summary_large_image","twitter_misc":{"Est. reading time":"2 minutes"},"schema":{"@context":"https:\/\/schema.org","@graph":[{"@type":"WebPage","@id":"https:\/\/itacives.it\/?page_id=2702&lang=es","url":"https:\/\/itacives.it\/?page_id=2702&lang=es","name":"Procedimiento Administrativo en los Consulados - Ita Cives","isPartOf":{"@id":"https:\/\/itacives.it\/#website"},"primaryImageOfPage":{"@id":"https:\/\/itacives.it\/?page_id=2702&lang=es#primaryimage"},"image":{"@id":"https:\/\/itacives.it\/?page_id=2702&lang=es#primaryimage"},"thumbnailUrl":"http:\/\/itacives.it\/wp-content\/uploads\/2024\/01\/PRATICHE-CONSOLATO.png","datePublished":"2024-03-14T19:04:21+00:00","dateModified":"2024-03-15T13:07:20+00:00","breadcrumb":{"@id":"https:\/\/itacives.it\/?page_id=2702&lang=es#breadcrumb"},"inLanguage":"en-US","potentialAction":[{"@type":"ReadAction","target":["https:\/\/itacives.it\/?page_id=2702&lang=es"]}]},{"@type":"ImageObject","inLanguage":"en-US","@id":"https:\/\/itacives.it\/?page_id=2702&lang=es#primaryimage","url":"https:\/\/itacives.it\/wp-content\/uploads\/2024\/01\/PRATICHE-CONSOLATO.png","contentUrl":"https:\/\/itacives.it\/wp-content\/uploads\/2024\/01\/PRATICHE-CONSOLATO.png","width":84,"height":84},{"@type":"BreadcrumbList","@id":"https:\/\/itacives.it\/?page_id=2702&lang=es#breadcrumb","itemListElement":[{"@type":"ListItem","position":1,"name":"Home","item":"https:\/\/itacives.it\/"},{"@type":"ListItem","position":2,"name":"\u00c1reas de Especializaci\u00f3n","item":"https:\/\/itacives.it\/?page_id=2633&lang=es"},{"@type":"ListItem","position":3,"name":"Procedimiento Administrativo en los Consulados"}]},{"@type":"WebSite","@id":"https:\/\/itacives.it\/#website","url":"https:\/\/itacives.it\/","name":"Ita Cives","description":"Cittadinanza Italiana Iure Sanguinis","publisher":{"@id":"https:\/\/itacives.it\/#organization"},"potentialAction":[{"@type":"SearchAction","target":{"@type":"EntryPoint","urlTemplate":"https:\/\/itacives.it\/?s={search_term_string}"},"query-input":"required name=search_term_string"}],"inLanguage":"en-US"},{"@type":"Organization","@id":"https:\/\/itacives.it\/#organization","name":"Ita Cives","url":"https:\/\/itacives.it\/","logo":{"@type":"ImageObject","inLanguage":"en-US","@id":"https:\/\/itacives.it\/#\/schema\/logo\/image\/","url":"https:\/\/itacives.it\/wp-content\/uploads\/2024\/01\/cropped-ita-cives-variazione-colore-1.png","contentUrl":"https:\/\/itacives.it\/wp-content\/uploads\/2024\/01\/cropped-ita-cives-variazione-colore-1.png","width":1168,"height":282,"caption":"Ita Cives"},"image":{"@id":"https:\/\/itacives.it\/#\/schema\/logo\/image\/"}}]}},"_links":{"self":[{"href":"https:\/\/itacives.it\/index.php?rest_route=\/wp\/v2\/pages\/2702"}],"collection":[{"href":"https:\/\/itacives.it\/index.php?rest_route=\/wp\/v2\/pages"}],"about":[{"href":"https:\/\/itacives.it\/index.php?rest_route=\/wp\/v2\/types\/page"}],"author":[{"embeddable":true,"href":"https:\/\/itacives.it\/index.php?rest_route=\/wp\/v2\/users\/2"}],"replies":[{"embeddable":true,"href":"https:\/\/itacives.it\/index.php?rest_route=%2Fwp%2Fv2%2Fcomments&post=2702"}],"version-history":[{"count":10,"href":"https:\/\/itacives.it\/index.php?rest_route=\/wp\/v2\/pages\/2702\/revisions"}],"predecessor-version":[{"id":2774,"href":"https:\/\/itacives.it\/index.php?rest_route=\/wp\/v2\/pages\/2702\/revisions\/2774"}],"up":[{"embeddable":true,"href":"https:\/\/itacives.it\/index.php?rest_route=\/wp\/v2\/pages\/2633"}],"wp:attachment":[{"href":"https:\/\/itacives.it\/index.php?rest_route=%2Fwp%2Fv2%2Fmedia&parent=2702"}],"curies":[{"name":"wp","href":"https:\/\/api.w.org\/{rel}","templated":true}]}}