{"id":2683,"date":"2024-03-14T19:52:23","date_gmt":"2024-03-14T18:52:23","guid":{"rendered":"https:\/\/itacives.it\/?page_id=2683"},"modified":"2024-03-14T19:53:23","modified_gmt":"2024-03-14T18:53:23","slug":"documentos","status":"publish","type":"page","link":"https:\/\/itacives.it\/?page_id=2683&lang=es","title":{"rendered":"Documentos"},"content":{"rendered":"\t\t<div data-elementor-type=\"wp-page\" data-elementor-id=\"2683\" class=\"elementor elementor-2683\">\n\t\t\t\t\t\t\t<div class=\"elementor-element elementor-element-bd4b709 e-flex e-con-boxed e-con e-parent\" data-id=\"bd4b709\" data-element_type=\"container\" data-settings=\"{&quot;background_background&quot;:&quot;classic&quot;,&quot;content_width&quot;:&quot;boxed&quot;}\" data-core-v316-plus=\"true\">\n\t\t\t\t\t<div class=\"e-con-inner\">\n\t\t<div class=\"elementor-element elementor-element-66e3958 e-con-full e-flex e-con e-child\" data-id=\"66e3958\" data-element_type=\"container\" data-settings=\"{&quot;content_width&quot;:&quot;full&quot;}\">\n\t\t\t\t<div class=\"elementor-element elementor-element-6179b97 elementor-widget elementor-widget-heading\" data-id=\"6179b97\" data-element_type=\"widget\" data-widget_type=\"heading.default\">\n\t\t\t\t<div class=\"elementor-widget-container\">\n\t\t\t<style>\/*! elementor - v3.18.0 - 20-12-2023 *\/\n.elementor-heading-title{padding:0;margin:0;line-height:1}.elementor-widget-heading .elementor-heading-title[class*=elementor-size-]>a{color:inherit;font-size:inherit;line-height:inherit}.elementor-widget-heading .elementor-heading-title.elementor-size-small{font-size:15px}.elementor-widget-heading .elementor-heading-title.elementor-size-medium{font-size:19px}.elementor-widget-heading .elementor-heading-title.elementor-size-large{font-size:29px}.elementor-widget-heading .elementor-heading-title.elementor-size-xl{font-size:39px}.elementor-widget-heading .elementor-heading-title.elementor-size-xxl{font-size:59px}<\/style><h1 class=\"elementor-heading-title elementor-size-default\">Documentos<\/h1>\t\t<\/div>\n\t\t\t\t<\/div>\n\t\t\t\t<\/div>\n\t\t\t\t\t<\/div>\n\t\t\t\t<\/div>\n\t\t<div class=\"elementor-element elementor-element-0e7cc72 e-flex e-con-boxed e-con e-parent\" data-id=\"0e7cc72\" data-element_type=\"container\" data-settings=\"{&quot;background_background&quot;:&quot;classic&quot;,&quot;content_width&quot;:&quot;boxed&quot;}\" data-core-v316-plus=\"true\">\n\t\t\t\t\t<div class=\"e-con-inner\">\n\t\t<div class=\"elementor-element elementor-element-5d548f9 e-con-full e-flex e-con e-child\" data-id=\"5d548f9\" data-element_type=\"container\" data-settings=\"{&quot;content_width&quot;:&quot;full&quot;}\">\n\t\t<div class=\"elementor-element elementor-element-bcdd19d e-con-full e-flex e-con e-child\" data-id=\"bcdd19d\" data-element_type=\"container\" data-settings=\"{&quot;content_width&quot;:&quot;full&quot;}\">\n\t\t<div class=\"elementor-element elementor-element-f64cca2 e-con-full e-flex e-con e-child\" data-id=\"f64cca2\" data-element_type=\"container\" data-settings=\"{&quot;content_width&quot;:&quot;full&quot;}\">\n\t\t\t\t<div class=\"elementor-element elementor-element-1972e5d elementor-widget elementor-widget-image\" data-id=\"1972e5d\" data-element_type=\"widget\" data-widget_type=\"image.default\">\n\t\t\t\t<div class=\"elementor-widget-container\">\n\t\t\t<style>\/*! elementor - v3.18.0 - 20-12-2023 *\/\n.elementor-widget-image{text-align:center}.elementor-widget-image a{display:inline-block}.elementor-widget-image a img[src$=\".svg\"]{width:48px}.elementor-widget-image img{vertical-align:middle;display:inline-block}<\/style>\t\t\t\t\t\t\t\t\t\t\t\t<img decoding=\"async\" width=\"84\" height=\"84\" src=\"https:\/\/itacives.it\/wp-content\/uploads\/2024\/01\/DOCUMENTI-NECESSARI.png\" class=\"attachment-full size-full wp-image-2103\" alt=\"\" \/>\t\t\t\t\t\t\t\t\t\t\t\t\t\t\t<\/div>\n\t\t\t\t<\/div>\n\t\t\t\t<div class=\"elementor-element elementor-element-23d8b98 elementor-widget elementor-widget-image\" data-id=\"23d8b98\" data-element_type=\"widget\" data-widget_type=\"image.default\">\n\t\t\t\t<div class=\"elementor-widget-container\">\n\t\t\t\t\t\t\t\t\t\t\t\t\t\t\t<img fetchpriority=\"high\" decoding=\"async\" width=\"1280\" height=\"853\" src=\"https:\/\/itacives.it\/wp-content\/uploads\/2024\/01\/Rilegare-fogli-Ranieris-Desk.jpg\" class=\"attachment-full size-full wp-image-1824\" alt=\"\" srcset=\"https:\/\/itacives.it\/wp-content\/uploads\/2024\/01\/Rilegare-fogli-Ranieris-Desk.jpg 1280w, https:\/\/itacives.it\/wp-content\/uploads\/2024\/01\/Rilegare-fogli-Ranieris-Desk-300x200.jpg 300w, https:\/\/itacives.it\/wp-content\/uploads\/2024\/01\/Rilegare-fogli-Ranieris-Desk-1024x682.jpg 1024w, https:\/\/itacives.it\/wp-content\/uploads\/2024\/01\/Rilegare-fogli-Ranieris-Desk-768x512.jpg 768w\" sizes=\"(max-width: 1280px) 100vw, 1280px\" \/>\t\t\t\t\t\t\t\t\t\t\t\t\t\t\t<\/div>\n\t\t\t\t<\/div>\n\t\t\t\t<\/div>\n\t\t<div class=\"elementor-element elementor-element-e3cf305 e-con-full e-flex e-con e-child\" data-id=\"e3cf305\" data-element_type=\"container\" data-settings=\"{&quot;content_width&quot;:&quot;full&quot;}\">\n\t\t\t\t<div class=\"elementor-element elementor-element-c882e62 elementor-widget elementor-widget-text-editor\" data-id=\"c882e62\" data-element_type=\"widget\" data-widget_type=\"text-editor.default\">\n\t\t\t\t<div class=\"elementor-widget-container\">\n\t\t\t<style>\/*! elementor - v3.18.0 - 20-12-2023 *\/\n.elementor-widget-text-editor.elementor-drop-cap-view-stacked .elementor-drop-cap{background-color:#69727d;color:#fff}.elementor-widget-text-editor.elementor-drop-cap-view-framed .elementor-drop-cap{color:#69727d;border:3px solid;background-color:transparent}.elementor-widget-text-editor:not(.elementor-drop-cap-view-default) .elementor-drop-cap{margin-top:8px}.elementor-widget-text-editor:not(.elementor-drop-cap-view-default) .elementor-drop-cap-letter{width:1em;height:1em}.elementor-widget-text-editor .elementor-drop-cap{float:left;text-align:center;line-height:1;font-size:50px}.elementor-widget-text-editor .elementor-drop-cap-letter{display:inline-block}<\/style>\t\t\t\t<p>Para solicitar el reconocimiento de la posesi\u00f3n de la nacionalidad italiana <em>iure sanguinis<\/em>, por v\u00eda administrativa o judicial, se requieren los siguientes documentos:<\/p>\t\t\t\t\t\t<\/div>\n\t\t\t\t<\/div>\n\t\t\t\t<div class=\"elementor-element elementor-element-ee81c38 elementor-widget elementor-widget-text-editor\" data-id=\"ee81c38\" data-element_type=\"widget\" data-widget_type=\"text-editor.default\">\n\t\t\t\t<div class=\"elementor-widget-container\">\n\t\t\t\t\t\t\t<ol><li>extracto de la partida de nacimiento del antepasado italiano que emigr\u00f3 al extranjero, expedido por el municipio italiano en el que naci\u00f3 (se trata de un documento italiano que, por tanto, no requiere traducci\u00f3n\/legalizaci\u00f3n oficial ni apostilla);<\/li><li>partida de nacimiento de todos sus descendientes en l\u00ednea directa, incluida la de la persona que reclama la ciudadan\u00eda italiana (requiere traducci\u00f3n\/legalizaci\u00f3n o apostilla oficial en italiano);<\/li><li>acta de matrimonio del antepasado italiano que haya emigrado al extranjero (s\u00f3lo se requiere traducci\u00f3n oficial al italiano, legalizaci\u00f3n o apostilla si se ha formado en el extranjero);<\/li><li>actas matrimoniales de sus descendientes, en l\u00ednea directa, incluida la de los padres de la persona que solicita la ciudadan\u00eda italiana (se requiere traducci\u00f3n oficial al italiano, legalizaci\u00f3n o apostilla);<\/li><li>certificado expedido por las Autoridades competentes del Estado extranjero de emigraci\u00f3n en el que se certifique que el ascendiente italiano que emigr\u00f3 de Italia no adquiri\u00f3 la nacionalidad del Estado extranjero de emigraci\u00f3n antes del nacimiento del ascendiente del interesado (se requiere traducci\u00f3n\/legalizaci\u00f3n oficial al italiano o apostilla);<\/li><li>certificado expedido por la autoridad consular italiana competente que certifique que ni los ascendientes directos ni la persona que reclama la ciudadan\u00eda italiana han renunciado nunca a ella de conformidad con el art. 7 de la Ley n\u00ba 555 de 13 de junio de 1912 (se trata de una escritura italiana que, por lo tanto, no requiere traducci\u00f3n\/legalizaci\u00f3n oficial ni apostilla);<\/li><li>certificado de residencia (s\u00f3lo en caso de solicitud al Ayuntamiento de residencia).<\/li><\/ol><p>Con referencia al documento n\u00b0 1, es decir, el certificado de nacimiento del antepasado italiano que emigr\u00f3 al extranjero, expedido por la autoridad local, puede darse el caso de que haya nacido y\/o emigrado antes de la Unificaci\u00f3n de Italia (1861), por lo que es evidente que no est\u00e1 inscrito en las oficinas del Registro Civil establecidas s\u00f3lo en 1866. Seg\u00fan la orientaci\u00f3n ministerial, en estos casos es necesario que el interesado presente la partida de bautismo expedida por la parroquia y autenticada tambi\u00e9n por la curia episcopal competente.<\/p><p>Con referencia en cambio al doc. n\u00b0 6, en el \u00fanico caso de procedimientos en la Comuna italiana de residencia, no se considera necesario puesto que su contenido, es decir, la falta de naturalizaci\u00f3n del antepasado italiano en un momento anterior al nacimiento del ascendiente del interesado, entra en el \u00e1mbito de las comprobaciones efectuadas por el funcionario del registro civil.<\/p><p>\u00a0<\/p><p><strong>Legalizaci\u00f3n <\/strong><\/p><p>Las mencionadas escrituras que prueban la descendencia en l\u00ednea directa del antepasado emigrante italiano, al ser expedidas en el extranjero por autoridades extranjeras, requieren un procedimiento espec\u00edfico denominado &#8220;legalizaci\u00f3n&#8221; para que surtan efecto en el ordenamiento jur\u00eddico italiano.<\/p><p>Desde un punto de vista general, la instituci\u00f3n de la legalizaci\u00f3n tiene la funci\u00f3n de atribuir validez al documento para certificar su conformidad con la legislaci\u00f3n extranjera e, igualmente, la competencia de la oficina extranjera emisora. Por lo tanto, prueba la existencia del documento extranjero en el momento en que adquiere relevancia para la legislaci\u00f3n italiana.<\/p><p>Por lo tanto, como se ha mencionado, este procedimiento s\u00f3lo puede ser realizado por nuestras misiones diplom\u00e1ticas o consulares en el extranjero, y \u00e9ste es un aspecto especialmente importante ya que la legalizaci\u00f3n constituye una <em>condicio sine qua non<\/em> para la validez del documento extranjero en nuestro sistema.<\/p><p>Lo que acabamos de exponer, sin embargo, no es aplicable si los Estados afectados son signatarios de convenios internacionales espec\u00edficos, como el Convenio de La Haya de 5 de octubre de 1951, que prev\u00e9 un cumplimiento diferente denominado \u201capostilla\u201d en lugar de \u201clegalizaci\u00f3n\u201d.<\/p><p>As\u00ed, los Estados signatarios de este Convenio, con el fin de reconocer mutuamente los documentos, sustituyen el procedimiento de legalizaci\u00f3n por el de la apostilla, que consiste en una anotaci\u00f3n, conforme al modelo adjunto al Convenio, que debe estampar en el original del certificado extranjero la autoridad extranjera indicada como competente por la ley que ratifica el Convenio.<\/p><p>Los pa\u00edses de larga tradici\u00f3n migratoria de nuestros compatriotas son todos signatarios del Convenio de La Haya, por lo que el procedimiento de apostilla es el que debe seguirse.<\/p><p><strong>\u00a0<\/strong><\/p><p><strong>\u00a0<\/strong><\/p><p><strong>Traducci\u00f3n<\/strong><\/p><p>Para que sean v\u00e1lidos en Italia, los actos y documentos que acrediten la descendencia de un antepasado italiano deben traducirse.<\/p><p>Este aspecto est\u00e1 regulado por el art\u00edculo 33, apartado 3, del Decreto Presidencial 445\/2000, que establece que <em>&#8220;Los actos y documentos indicados en el p\u00e1rrafo anterior, redactados en lengua extranjera, deber\u00e1n ir acompa\u00f1ados de una traducci\u00f3n al italiano certificada conforme al texto extranjero por la representaci\u00f3n diplom\u00e1tica o consular competente, o por un traductor oficial&#8221;.<\/em><\/p><p>Por lo tanto, los documentos redactados en una lengua extranjera, adem\u00e1s del procedimiento de apostilla, deben traducirse y acompa\u00f1arse de una certificaci\u00f3n de conformidad con el texto extranjero expedida por la autoridad consular o por un traductor oficial.<\/p>\t\t\t\t\t\t<\/div>\n\t\t\t\t<\/div>\n\t\t\t\t<\/div>\n\t\t\t\t<\/div>\n\t\t\t\t<\/div>\n\t\t\t\t\t<\/div>\n\t\t\t\t<\/div>\n\t\t\t\t\t\t\t<\/div>\n\t\t","protected":false},"excerpt":{"rendered":"<p>Documentos Para solicitar el reconocimiento de la posesi\u00f3n de la nacionalidad italiana iure sanguinis, por v\u00eda administrativa o judicial, se requieren los siguientes documentos: extracto de la partida de nacimiento del antepasado italiano que emigr\u00f3 al extranjero, expedido por el municipio italiano en el que naci\u00f3 (se trata de un documento italiano que, por tanto, &hellip;<\/p>\n<p class=\"read-more\"> <a class=\"\" href=\"https:\/\/itacives.it\/?page_id=2683&#038;lang=es\"> <span class=\"screen-reader-text\">Documentos<\/span> Read More &raquo;<\/a><\/p>\n","protected":false},"author":2,"featured_media":0,"parent":2633,"menu_order":0,"comment_status":"closed","ping_status":"closed","template":"","meta":{"site-sidebar-layout":"no-sidebar","site-content-layout":"page-builder","ast-site-content-layout":"full-width-container","site-content-style":"unboxed","site-sidebar-style":"unboxed","ast-global-header-display":"","ast-banner-title-visibility":"","ast-main-header-display":"","ast-hfb-above-header-display":"","ast-hfb-below-header-display":"","ast-hfb-mobile-header-display":"","site-post-title":"disabled","ast-breadcrumbs-content":"disabled","ast-featured-img":"disabled","footer-sml-layout":"","theme-transparent-header-meta":"enabled","adv-header-id-meta":"","stick-header-meta":"","header-above-stick-meta":"","header-main-stick-meta":"","header-below-stick-meta":"","astra-migrate-meta-layouts":"set","ast-page-background-enabled":"default","ast-page-background-meta":{"desktop":{"background-color":"","background-image":"","background-repeat":"repeat","background-position":"center center","background-size":"auto","background-attachment":"scroll","background-type":"","background-media":"","overlay-type":"","overlay-color":"","overlay-gradient":""},"tablet":{"background-color":"","background-image":"","background-repeat":"repeat","background-position":"center center","background-size":"auto","background-attachment":"scroll","background-type":"","background-media":"","overlay-type":"","overlay-color":"","overlay-gradient":""},"mobile":{"background-color":"","background-image":"","background-repeat":"repeat","background-position":"center center","background-size":"auto","background-attachment":"scroll","background-type":"","background-media":"","overlay-type":"","overlay-color":"","overlay-gradient":""}},"ast-content-background-meta":{"desktop":{"background-color":"var(--ast-global-color-5)","background-image":"","background-repeat":"repeat","background-position":"center center","background-size":"auto","background-attachment":"scroll","background-type":"","background-media":"","overlay-type":"","overlay-color":"","overlay-gradient":""},"tablet":{"background-color":"var(--ast-global-color-5)","background-image":"","background-repeat":"repeat","background-position":"center center","background-size":"auto","background-attachment":"scroll","background-type":"","background-media":"","overlay-type":"","overlay-color":"","overlay-gradient":""},"mobile":{"background-color":"var(--ast-global-color-5)","background-image":"","background-repeat":"repeat","background-position":"center center","background-size":"auto","background-attachment":"scroll","background-type":"","background-media":"","overlay-type":"","overlay-color":"","overlay-gradient":""}},"footnotes":"","_joinchat":[]},"yoast_head":"<!-- This site is optimized with the Yoast SEO plugin v22.3 - https:\/\/yoast.com\/wordpress\/plugins\/seo\/ -->\n<title>Documentos - Ita Cives<\/title>\n<meta name=\"robots\" content=\"index, follow, max-snippet:-1, max-image-preview:large, max-video-preview:-1\" \/>\n<link rel=\"canonical\" href=\"https:\/\/itacives.it\/?page_id=2683&lang=es\" \/>\n<meta property=\"og:locale\" content=\"en_US\" \/>\n<meta property=\"og:type\" content=\"article\" \/>\n<meta property=\"og:title\" content=\"Documentos - Ita Cives\" \/>\n<meta property=\"og:description\" content=\"Documentos Para solicitar el reconocimiento de la posesi\u00f3n de la nacionalidad italiana iure sanguinis, por v\u00eda administrativa o judicial, se requieren los siguientes documentos: extracto de la partida de nacimiento del antepasado italiano que emigr\u00f3 al extranjero, expedido por el municipio italiano en el que naci\u00f3 (se trata de un documento italiano que, por tanto, &hellip; Documentos Read More &raquo;\" \/>\n<meta property=\"og:url\" content=\"https:\/\/itacives.it\/?page_id=2683&amp;lang=es\" \/>\n<meta property=\"og:site_name\" content=\"Ita Cives\" \/>\n<meta property=\"article:modified_time\" content=\"2024-03-14T18:53:23+00:00\" \/>\n<meta property=\"og:image\" content=\"http:\/\/itacives.it\/wp-content\/uploads\/2024\/01\/DOCUMENTI-NECESSARI.png\" \/>\n<meta name=\"twitter:card\" content=\"summary_large_image\" \/>\n<meta name=\"twitter:label1\" content=\"Est. reading time\" \/>\n\t<meta name=\"twitter:data1\" content=\"4 minutes\" \/>\n<script type=\"application\/ld+json\" class=\"yoast-schema-graph\">{\"@context\":\"https:\/\/schema.org\",\"@graph\":[{\"@type\":\"WebPage\",\"@id\":\"https:\/\/itacives.it\/?page_id=2683&lang=es\",\"url\":\"https:\/\/itacives.it\/?page_id=2683&lang=es\",\"name\":\"Documentos - Ita Cives\",\"isPartOf\":{\"@id\":\"https:\/\/itacives.it\/#website\"},\"primaryImageOfPage\":{\"@id\":\"https:\/\/itacives.it\/?page_id=2683&lang=es#primaryimage\"},\"image\":{\"@id\":\"https:\/\/itacives.it\/?page_id=2683&lang=es#primaryimage\"},\"thumbnailUrl\":\"http:\/\/itacives.it\/wp-content\/uploads\/2024\/01\/DOCUMENTI-NECESSARI.png\",\"datePublished\":\"2024-03-14T18:52:23+00:00\",\"dateModified\":\"2024-03-14T18:53:23+00:00\",\"breadcrumb\":{\"@id\":\"https:\/\/itacives.it\/?page_id=2683&lang=es#breadcrumb\"},\"inLanguage\":\"en-US\",\"potentialAction\":[{\"@type\":\"ReadAction\",\"target\":[\"https:\/\/itacives.it\/?page_id=2683&lang=es\"]}]},{\"@type\":\"ImageObject\",\"inLanguage\":\"en-US\",\"@id\":\"https:\/\/itacives.it\/?page_id=2683&lang=es#primaryimage\",\"url\":\"https:\/\/itacives.it\/wp-content\/uploads\/2024\/01\/DOCUMENTI-NECESSARI.png\",\"contentUrl\":\"https:\/\/itacives.it\/wp-content\/uploads\/2024\/01\/DOCUMENTI-NECESSARI.png\",\"width\":84,\"height\":84},{\"@type\":\"BreadcrumbList\",\"@id\":\"https:\/\/itacives.it\/?page_id=2683&lang=es#breadcrumb\",\"itemListElement\":[{\"@type\":\"ListItem\",\"position\":1,\"name\":\"Home\",\"item\":\"https:\/\/itacives.it\/\"},{\"@type\":\"ListItem\",\"position\":2,\"name\":\"\u00c1reas de Especializaci\u00f3n\",\"item\":\"https:\/\/itacives.it\/?page_id=2633&lang=es\"},{\"@type\":\"ListItem\",\"position\":3,\"name\":\"Documentos\"}]},{\"@type\":\"WebSite\",\"@id\":\"https:\/\/itacives.it\/#website\",\"url\":\"https:\/\/itacives.it\/\",\"name\":\"Ita Cives\",\"description\":\"Cittadinanza Italiana Iure Sanguinis\",\"publisher\":{\"@id\":\"https:\/\/itacives.it\/#organization\"},\"potentialAction\":[{\"@type\":\"SearchAction\",\"target\":{\"@type\":\"EntryPoint\",\"urlTemplate\":\"https:\/\/itacives.it\/?s={search_term_string}\"},\"query-input\":\"required name=search_term_string\"}],\"inLanguage\":\"en-US\"},{\"@type\":\"Organization\",\"@id\":\"https:\/\/itacives.it\/#organization\",\"name\":\"Ita Cives\",\"url\":\"https:\/\/itacives.it\/\",\"logo\":{\"@type\":\"ImageObject\",\"inLanguage\":\"en-US\",\"@id\":\"https:\/\/itacives.it\/#\/schema\/logo\/image\/\",\"url\":\"https:\/\/itacives.it\/wp-content\/uploads\/2024\/01\/cropped-ita-cives-variazione-colore-1.png\",\"contentUrl\":\"https:\/\/itacives.it\/wp-content\/uploads\/2024\/01\/cropped-ita-cives-variazione-colore-1.png\",\"width\":1168,\"height\":282,\"caption\":\"Ita Cives\"},\"image\":{\"@id\":\"https:\/\/itacives.it\/#\/schema\/logo\/image\/\"}}]}<\/script>\n<!-- \/ Yoast SEO plugin. -->","yoast_head_json":{"title":"Documentos - Ita Cives","robots":{"index":"index","follow":"follow","max-snippet":"max-snippet:-1","max-image-preview":"max-image-preview:large","max-video-preview":"max-video-preview:-1"},"canonical":"https:\/\/itacives.it\/?page_id=2683&lang=es","og_locale":"en_US","og_type":"article","og_title":"Documentos - Ita Cives","og_description":"Documentos Para solicitar el reconocimiento de la posesi\u00f3n de la nacionalidad italiana iure sanguinis, por v\u00eda administrativa o judicial, se requieren los siguientes documentos: extracto de la partida de nacimiento del antepasado italiano que emigr\u00f3 al extranjero, expedido por el municipio italiano en el que naci\u00f3 (se trata de un documento italiano que, por tanto, &hellip; Documentos Read More &raquo;","og_url":"https:\/\/itacives.it\/?page_id=2683&lang=es","og_site_name":"Ita Cives","article_modified_time":"2024-03-14T18:53:23+00:00","og_image":[{"url":"http:\/\/itacives.it\/wp-content\/uploads\/2024\/01\/DOCUMENTI-NECESSARI.png"}],"twitter_card":"summary_large_image","twitter_misc":{"Est. reading time":"4 minutes"},"schema":{"@context":"https:\/\/schema.org","@graph":[{"@type":"WebPage","@id":"https:\/\/itacives.it\/?page_id=2683&lang=es","url":"https:\/\/itacives.it\/?page_id=2683&lang=es","name":"Documentos - Ita Cives","isPartOf":{"@id":"https:\/\/itacives.it\/#website"},"primaryImageOfPage":{"@id":"https:\/\/itacives.it\/?page_id=2683&lang=es#primaryimage"},"image":{"@id":"https:\/\/itacives.it\/?page_id=2683&lang=es#primaryimage"},"thumbnailUrl":"http:\/\/itacives.it\/wp-content\/uploads\/2024\/01\/DOCUMENTI-NECESSARI.png","datePublished":"2024-03-14T18:52:23+00:00","dateModified":"2024-03-14T18:53:23+00:00","breadcrumb":{"@id":"https:\/\/itacives.it\/?page_id=2683&lang=es#breadcrumb"},"inLanguage":"en-US","potentialAction":[{"@type":"ReadAction","target":["https:\/\/itacives.it\/?page_id=2683&lang=es"]}]},{"@type":"ImageObject","inLanguage":"en-US","@id":"https:\/\/itacives.it\/?page_id=2683&lang=es#primaryimage","url":"https:\/\/itacives.it\/wp-content\/uploads\/2024\/01\/DOCUMENTI-NECESSARI.png","contentUrl":"https:\/\/itacives.it\/wp-content\/uploads\/2024\/01\/DOCUMENTI-NECESSARI.png","width":84,"height":84},{"@type":"BreadcrumbList","@id":"https:\/\/itacives.it\/?page_id=2683&lang=es#breadcrumb","itemListElement":[{"@type":"ListItem","position":1,"name":"Home","item":"https:\/\/itacives.it\/"},{"@type":"ListItem","position":2,"name":"\u00c1reas de Especializaci\u00f3n","item":"https:\/\/itacives.it\/?page_id=2633&lang=es"},{"@type":"ListItem","position":3,"name":"Documentos"}]},{"@type":"WebSite","@id":"https:\/\/itacives.it\/#website","url":"https:\/\/itacives.it\/","name":"Ita Cives","description":"Cittadinanza Italiana Iure Sanguinis","publisher":{"@id":"https:\/\/itacives.it\/#organization"},"potentialAction":[{"@type":"SearchAction","target":{"@type":"EntryPoint","urlTemplate":"https:\/\/itacives.it\/?s={search_term_string}"},"query-input":"required name=search_term_string"}],"inLanguage":"en-US"},{"@type":"Organization","@id":"https:\/\/itacives.it\/#organization","name":"Ita Cives","url":"https:\/\/itacives.it\/","logo":{"@type":"ImageObject","inLanguage":"en-US","@id":"https:\/\/itacives.it\/#\/schema\/logo\/image\/","url":"https:\/\/itacives.it\/wp-content\/uploads\/2024\/01\/cropped-ita-cives-variazione-colore-1.png","contentUrl":"https:\/\/itacives.it\/wp-content\/uploads\/2024\/01\/cropped-ita-cives-variazione-colore-1.png","width":1168,"height":282,"caption":"Ita Cives"},"image":{"@id":"https:\/\/itacives.it\/#\/schema\/logo\/image\/"}}]}},"_links":{"self":[{"href":"https:\/\/itacives.it\/index.php?rest_route=\/wp\/v2\/pages\/2683"}],"collection":[{"href":"https:\/\/itacives.it\/index.php?rest_route=\/wp\/v2\/pages"}],"about":[{"href":"https:\/\/itacives.it\/index.php?rest_route=\/wp\/v2\/types\/page"}],"author":[{"embeddable":true,"href":"https:\/\/itacives.it\/index.php?rest_route=\/wp\/v2\/users\/2"}],"replies":[{"embeddable":true,"href":"https:\/\/itacives.it\/index.php?rest_route=%2Fwp%2Fv2%2Fcomments&post=2683"}],"version-history":[{"count":4,"href":"https:\/\/itacives.it\/index.php?rest_route=\/wp\/v2\/pages\/2683\/revisions"}],"predecessor-version":[{"id":2687,"href":"https:\/\/itacives.it\/index.php?rest_route=\/wp\/v2\/pages\/2683\/revisions\/2687"}],"up":[{"embeddable":true,"href":"https:\/\/itacives.it\/index.php?rest_route=\/wp\/v2\/pages\/2633"}],"wp:attachment":[{"href":"https:\/\/itacives.it\/index.php?rest_route=%2Fwp%2Fv2%2Fmedia&parent=2683"}],"curies":[{"name":"wp","href":"https:\/\/api.w.org\/{rel}","templated":true}]}}