{"id":1875,"date":"2024-01-03T00:52:18","date_gmt":"2024-01-02T23:52:18","guid":{"rendered":"https:\/\/itacives.it\/?page_id=1875"},"modified":"2024-01-17T17:31:26","modified_gmt":"2024-01-17T16:31:26","slug":"linea-paterna","status":"publish","type":"page","link":"https:\/\/itacives.it\/?page_id=1875","title":{"rendered":"Linea Paterna"},"content":{"rendered":"\t\t<div data-elementor-type=\"wp-page\" data-elementor-id=\"1875\" class=\"elementor elementor-1875\">\n\t\t\t\t\t\t\t<div class=\"elementor-element elementor-element-bd4b709 e-flex e-con-boxed e-con e-parent\" data-id=\"bd4b709\" data-element_type=\"container\" data-settings=\"{&quot;background_background&quot;:&quot;classic&quot;,&quot;content_width&quot;:&quot;boxed&quot;}\" data-core-v316-plus=\"true\">\n\t\t\t\t\t<div class=\"e-con-inner\">\n\t\t<div class=\"elementor-element elementor-element-66e3958 e-con-full e-flex e-con e-child\" data-id=\"66e3958\" data-element_type=\"container\" data-settings=\"{&quot;content_width&quot;:&quot;full&quot;}\">\n\t\t\t\t<div class=\"elementor-element elementor-element-6179b97 elementor-widget elementor-widget-heading\" data-id=\"6179b97\" data-element_type=\"widget\" data-widget_type=\"heading.default\">\n\t\t\t\t<div class=\"elementor-widget-container\">\n\t\t\t<style>\/*! elementor - v3.18.0 - 20-12-2023 *\/\n.elementor-heading-title{padding:0;margin:0;line-height:1}.elementor-widget-heading .elementor-heading-title[class*=elementor-size-]>a{color:inherit;font-size:inherit;line-height:inherit}.elementor-widget-heading .elementor-heading-title.elementor-size-small{font-size:15px}.elementor-widget-heading .elementor-heading-title.elementor-size-medium{font-size:19px}.elementor-widget-heading .elementor-heading-title.elementor-size-large{font-size:29px}.elementor-widget-heading .elementor-heading-title.elementor-size-xl{font-size:39px}.elementor-widget-heading .elementor-heading-title.elementor-size-xxl{font-size:59px}<\/style><h1 class=\"elementor-heading-title elementor-size-default\">Linea Paterna<\/h1>\t\t<\/div>\n\t\t\t\t<\/div>\n\t\t\t\t<\/div>\n\t\t\t\t\t<\/div>\n\t\t\t\t<\/div>\n\t\t<div class=\"elementor-element elementor-element-0e7cc72 e-flex e-con-boxed e-con e-parent\" data-id=\"0e7cc72\" data-element_type=\"container\" data-settings=\"{&quot;background_background&quot;:&quot;classic&quot;,&quot;content_width&quot;:&quot;boxed&quot;}\" data-core-v316-plus=\"true\">\n\t\t\t\t\t<div class=\"e-con-inner\">\n\t\t<div class=\"elementor-element elementor-element-5d548f9 e-con-full e-flex e-con e-child\" data-id=\"5d548f9\" data-element_type=\"container\" data-settings=\"{&quot;content_width&quot;:&quot;full&quot;}\">\n\t\t<div class=\"elementor-element elementor-element-bcdd19d e-con-full e-flex e-con e-child\" data-id=\"bcdd19d\" data-element_type=\"container\" data-settings=\"{&quot;content_width&quot;:&quot;full&quot;}\">\n\t\t<div class=\"elementor-element elementor-element-f64cca2 e-con-full e-flex e-con e-child\" data-id=\"f64cca2\" data-element_type=\"container\" data-settings=\"{&quot;content_width&quot;:&quot;full&quot;}\">\n\t\t\t\t<div class=\"elementor-element elementor-element-d4ba177 elementor-widget elementor-widget-image\" data-id=\"d4ba177\" data-element_type=\"widget\" data-widget_type=\"image.default\">\n\t\t\t\t<div class=\"elementor-widget-container\">\n\t\t\t<style>\/*! elementor - v3.18.0 - 20-12-2023 *\/\n.elementor-widget-image{text-align:center}.elementor-widget-image a{display:inline-block}.elementor-widget-image a img[src$=\".svg\"]{width:48px}.elementor-widget-image img{vertical-align:middle;display:inline-block}<\/style>\t\t\t\t\t\t\t\t\t\t\t\t<img decoding=\"async\" width=\"84\" height=\"84\" src=\"https:\/\/itacives.it\/wp-content\/uploads\/2024\/01\/PATERNA.png\" class=\"attachment-large size-large wp-image-2096\" alt=\"\" \/>\t\t\t\t\t\t\t\t\t\t\t\t\t\t\t<\/div>\n\t\t\t\t<\/div>\n\t\t\t\t<div class=\"elementor-element elementor-element-2cae5cb elementor-widget elementor-widget-image\" data-id=\"2cae5cb\" data-element_type=\"widget\" data-widget_type=\"image.default\">\n\t\t\t\t<div class=\"elementor-widget-container\">\n\t\t\t\t\t\t\t\t\t\t\t\t\t\t\t<img fetchpriority=\"high\" decoding=\"async\" width=\"537\" height=\"600\" src=\"https:\/\/itacives.it\/wp-content\/uploads\/2024\/01\/linea-paterna-e1705085574492.jpeg\" class=\"attachment-large size-large wp-image-2079\" alt=\"\" srcset=\"https:\/\/itacives.it\/wp-content\/uploads\/2024\/01\/linea-paterna-e1705085574492.jpeg 537w, https:\/\/itacives.it\/wp-content\/uploads\/2024\/01\/linea-paterna-e1705085574492-269x300.jpeg 269w\" sizes=\"(max-width: 537px) 100vw, 537px\" \/>\t\t\t\t\t\t\t\t\t\t\t\t\t\t\t<\/div>\n\t\t\t\t<\/div>\n\t\t\t\t<\/div>\n\t\t<div class=\"elementor-element elementor-element-e3cf305 e-con-full e-flex e-con e-child\" data-id=\"e3cf305\" data-element_type=\"container\" data-settings=\"{&quot;content_width&quot;:&quot;full&quot;}\">\n\t\t\t\t<div class=\"elementor-element elementor-element-c882e62 elementor-widget elementor-widget-text-editor\" data-id=\"c882e62\" data-element_type=\"widget\" data-widget_type=\"text-editor.default\">\n\t\t\t\t<div class=\"elementor-widget-container\">\n\t\t\t<style>\/*! elementor - v3.18.0 - 20-12-2023 *\/\n.elementor-widget-text-editor.elementor-drop-cap-view-stacked .elementor-drop-cap{background-color:#69727d;color:#fff}.elementor-widget-text-editor.elementor-drop-cap-view-framed .elementor-drop-cap{color:#69727d;border:3px solid;background-color:transparent}.elementor-widget-text-editor:not(.elementor-drop-cap-view-default) .elementor-drop-cap{margin-top:8px}.elementor-widget-text-editor:not(.elementor-drop-cap-view-default) .elementor-drop-cap-letter{width:1em;height:1em}.elementor-widget-text-editor .elementor-drop-cap{float:left;text-align:center;line-height:1;font-size:50px}.elementor-widget-text-editor .elementor-drop-cap-letter{display:inline-block}<\/style>\t\t\t\t<p>Con riferimento alle proprie origini italiane bisogna fare per\u00f2 un\u2019importante distinzione tra <strong>linea paterna<\/strong> e <strong>linea materna<\/strong>.<\/p>\t\t\t\t\t\t<\/div>\n\t\t\t\t<\/div>\n\t\t\t\t<div class=\"elementor-element elementor-element-ee81c38 elementor-widget elementor-widget-text-editor\" data-id=\"ee81c38\" data-element_type=\"widget\" data-widget_type=\"text-editor.default\">\n\t\t\t\t<div class=\"elementor-widget-container\">\n\t\t\t\t\t\t\t<p>Oggi la legge 5 febbraio 1992 n. 91 attribuisce la cittadinanza italiana ai figli sia di madre che di padre italiano. Infatti all\u2019art. 1 si legge <u>\u201c<em>\u00e8 cittadino per nascita il figlio di <strong>padre o di madre<\/strong> cittadini<\/em>\u201d.<\/u> Quindi \u00e8 sufficiente che uno dei due genitori sia italiano per trasmettere automaticamente la cittadinanza italiana ai propri figli.<\/p><p><u>Ai tempi delle ondate migratorie dei secoli scorsi, la materia della cittadinanza risultava sensibilmente diversa poich\u00e9 regolata dalla precedente legge n. 555 del 1912 che attribuiva la cittadinanza italiana soltanto ai figli di padre italiano. <\/u><\/p><p>All\u2019art. 1 di infatti era stabilito che <u>\u201c<em>\u00c8 cittadino per nascita il figlio di <strong>padre<\/strong> cittadino<\/em>\u201d.<\/u> La possibilit\u00e0 per la madre italiana di trasmettere la cittadinanza era prevista soltanto in via residuale laddove il padre fosse ignoto, apolide, oppure impossibilitato a trasmettere la propria cittadinanza in base alle leggi dello Stato di appartenenza. <u>Pertanto, in base alla legge dell\u2019epoca, soltanto i figli di padre italiano potevano acquisire la cittadinanza italiana. <\/u><\/p><p>Es. se dall\u2019unione tra Fabrizio (italiano emigrato in Brasile) e Cecilia (brasiliana) nascevano in Brasile Jo\u00e3o e Maria, questi per la legge locale basata sullo <em>ius soli<\/em>, erano cittadini brasiliani, ma allo stesso tempo anche italiani, in base al principio dello <em>ius sanguinis<\/em>, secondo la legge italiana (poich\u00e9 figli di padre italiano indipendentemente dal fatto che fossero nati fuori dall\u2019Italia).<\/p><p>Tale condizione, come detto, non si verificava per i figli nati dall\u2019unione tra donna italiana con un uomo straniero (es. brasiliano) poich\u00e9 la madre per le leggi del tempo non trasmetteva la propria cittadinanza ai figli.<\/p><p>Es. se dall\u2019unione tra Filomena (italiana emigrata in Brasile) e Felipe (brasiliano) nascevano (in Italia o all\u2019estero) Luiz e Fernanda questi acquisivano soltanto la cittadinanza brasiliana.<\/p><p>Inoltre Filomena, sempre per la legge italiana del tempo, perdeva la cittadinanza italiana per il solo fatto di contrarre matrimonio con Felipe acquistando la cittadinanza (brasiliana) di quest\u2019ultimo.<\/p><p>La situazione sopra descritta, che vede l\u2019impossibilit\u00e0 per la donna italiana di trasmettere la propria cittadinanza, si \u00e8 protratta per molti decenni e si \u00e8 posto rimedio soltanto in epoca pi\u00f9 recente con una serie di interventi normativi e giurisprudenziali.<\/p><p><strong><u>Per i motivi che analizzeremo a proposito della <a href=\"https:\/\/itacives.it\/?page_id=1935\">linea materna<\/a>, le donne italiane trasmettono la cittadinanza soltanto dopo il 1 gennaio 1948. <\/u><\/strong><\/p><p>Pertanto si definisce <strong>linea paterna<\/strong> la discendenza in cui si registra<strong>:<\/strong><\/p><ol><li><u>la totale assenza di ascendenti donne.<\/u><\/li><li><u>in presenza di ascendenti donne \u00e8 necessario che i loro figli siano nati in epoca successiva all\u20191 gennaio 1948 poich\u00e9 soltanto da quel momento le donne hanno potuto trasmettere la propria cittadinanza. <\/u><\/li><\/ol><p>Contrariamente in presenza di un\u2019ascendente cittadina donna che abbia generato prole in una qualsiasi<\/p><p>data anteriore al 1948 si \u00e8 in presenza della cosiddetta <strong>linea materna<\/strong>.<\/p><p><strong><u>Perch\u00e9 \u00e8 cos\u00ec rilevante questa distinzione? <\/u><\/strong><\/p><p>Perch\u00e9 soltanto per le discendenze <strong>paterne<\/strong> \u00e8 possibile avviare la pratica amministrativa presso la<strong><a href=\"https:\/\/itacives.it\/?page_id=1881\"> rappresentanza Consolare italiana all\u2019estero<\/a><\/strong><strong>\u00a0<\/strong>o se residenti in Italia presso il<strong><a href=\"https:\/\/itacives.it\/?page_id=1883\"> Comune di residenza<\/a><\/strong><strong>.<\/strong><\/p><p>Nei casi di linea materna il riconoscimento della cittadinanza italiana dovr\u00e0 pertanto avvenire esclusivamente <a href=\"https:\/\/itacives.it\/?page_id=1879\"><strong>per via giudiziale.<\/strong><\/a><\/p>\t\t\t\t\t\t<\/div>\n\t\t\t\t<\/div>\n\t\t\t\t<\/div>\n\t\t\t\t<\/div>\n\t\t\t\t<\/div>\n\t\t\t\t\t<\/div>\n\t\t\t\t<\/div>\n\t\t\t\t\t\t\t<\/div>\n\t\t","protected":false},"excerpt":{"rendered":"<p>Linea Paterna Con riferimento alle proprie origini italiane bisogna fare per\u00f2 un\u2019importante distinzione tra linea paterna e linea materna. Oggi la legge 5 febbraio 1992 n. 91 attribuisce la cittadinanza italiana ai figli sia di madre che di padre italiano. Infatti all\u2019art. 1 si legge \u201c\u00e8 cittadino per nascita il figlio di padre o di &hellip;<\/p>\n<p class=\"read-more\"> <a class=\"\" href=\"https:\/\/itacives.it\/?page_id=1875\"> <span class=\"screen-reader-text\">Linea Paterna<\/span> Read More &raquo;<\/a><\/p>\n","protected":false},"author":1,"featured_media":0,"parent":606,"menu_order":0,"comment_status":"closed","ping_status":"closed","template":"","meta":{"site-sidebar-layout":"no-sidebar","site-content-layout":"page-builder","ast-site-content-layout":"","site-content-style":"default","site-sidebar-style":"default","ast-global-header-display":"","ast-banner-title-visibility":"","ast-main-header-display":"","ast-hfb-above-header-display":"","ast-hfb-below-header-display":"","ast-hfb-mobile-header-display":"","site-post-title":"disabled","ast-breadcrumbs-content":"disabled","ast-featured-img":"disabled","footer-sml-layout":"","theme-transparent-header-meta":"enabled","adv-header-id-meta":"","stick-header-meta":"","header-above-stick-meta":"","header-main-stick-meta":"","header-below-stick-meta":"","astra-migrate-meta-layouts":"default","ast-page-background-enabled":"default","ast-page-background-meta":{"desktop":{"background-color":"","background-image":"","background-repeat":"repeat","background-position":"center center","background-size":"auto","background-attachment":"scroll","background-type":"","background-media":"","overlay-type":"","overlay-color":"","overlay-gradient":""},"tablet":{"background-color":"","background-image":"","background-repeat":"repeat","background-position":"center center","background-size":"auto","background-attachment":"scroll","background-type":"","background-media":"","overlay-type":"","overlay-color":"","overlay-gradient":""},"mobile":{"background-color":"","background-image":"","background-repeat":"repeat","background-position":"center center","background-size":"auto","background-attachment":"scroll","background-type":"","background-media":"","overlay-type":"","overlay-color":"","overlay-gradient":""}},"ast-content-background-meta":{"desktop":{"background-color":"var(--ast-global-color-5)","background-image":"","background-repeat":"repeat","background-position":"center center","background-size":"auto","background-attachment":"scroll","background-type":"","background-media":"","overlay-type":"","overlay-color":"","overlay-gradient":""},"tablet":{"background-color":"var(--ast-global-color-5)","background-image":"","background-repeat":"repeat","background-position":"center center","background-size":"auto","background-attachment":"scroll","background-type":"","background-media":"","overlay-type":"","overlay-color":"","overlay-gradient":""},"mobile":{"background-color":"var(--ast-global-color-5)","background-image":"","background-repeat":"repeat","background-position":"center center","background-size":"auto","background-attachment":"scroll","background-type":"","background-media":"","overlay-type":"","overlay-color":"","overlay-gradient":""}},"footnotes":"","_joinchat":[]},"yoast_head":"<!-- This site is optimized with the Yoast SEO plugin v22.3 - https:\/\/yoast.com\/wordpress\/plugins\/seo\/ -->\n<title>Linea Paterna - Ita Cives<\/title>\n<meta name=\"robots\" content=\"index, follow, max-snippet:-1, max-image-preview:large, max-video-preview:-1\" \/>\n<link rel=\"canonical\" href=\"https:\/\/itacives.it\/?page_id=1875\" \/>\n<meta property=\"og:locale\" content=\"en_US\" \/>\n<meta property=\"og:type\" content=\"article\" \/>\n<meta property=\"og:title\" content=\"Linea Paterna - Ita Cives\" \/>\n<meta property=\"og:description\" content=\"Linea Paterna Con riferimento alle proprie origini italiane bisogna fare per\u00f2 un\u2019importante distinzione tra linea paterna e linea materna. Oggi la legge 5 febbraio 1992 n. 91 attribuisce la cittadinanza italiana ai figli sia di madre che di padre italiano. Infatti all\u2019art. 1 si legge \u201c\u00e8 cittadino per nascita il figlio di padre o di &hellip; Linea Paterna Read More &raquo;\" \/>\n<meta property=\"og:url\" content=\"https:\/\/itacives.it\/?page_id=1875\" \/>\n<meta property=\"og:site_name\" content=\"Ita Cives\" \/>\n<meta property=\"article:modified_time\" content=\"2024-01-17T16:31:26+00:00\" \/>\n<meta property=\"og:image\" content=\"http:\/\/itacives.it\/wp-content\/uploads\/2024\/01\/PATERNA.png\" \/>\n<meta name=\"twitter:card\" content=\"summary_large_image\" \/>\n<meta name=\"twitter:label1\" content=\"Est. reading time\" \/>\n\t<meta name=\"twitter:data1\" content=\"5 minutes\" \/>\n<script type=\"application\/ld+json\" class=\"yoast-schema-graph\">{\"@context\":\"https:\/\/schema.org\",\"@graph\":[{\"@type\":\"WebPage\",\"@id\":\"https:\/\/itacives.it\/?page_id=1875\",\"url\":\"https:\/\/itacives.it\/?page_id=1875\",\"name\":\"Linea Paterna - Ita Cives\",\"isPartOf\":{\"@id\":\"https:\/\/itacives.it\/#website\"},\"primaryImageOfPage\":{\"@id\":\"https:\/\/itacives.it\/?page_id=1875#primaryimage\"},\"image\":{\"@id\":\"https:\/\/itacives.it\/?page_id=1875#primaryimage\"},\"thumbnailUrl\":\"http:\/\/itacives.it\/wp-content\/uploads\/2024\/01\/PATERNA.png\",\"datePublished\":\"2024-01-02T23:52:18+00:00\",\"dateModified\":\"2024-01-17T16:31:26+00:00\",\"breadcrumb\":{\"@id\":\"https:\/\/itacives.it\/?page_id=1875#breadcrumb\"},\"inLanguage\":\"en-US\",\"potentialAction\":[{\"@type\":\"ReadAction\",\"target\":[\"https:\/\/itacives.it\/?page_id=1875\"]}]},{\"@type\":\"ImageObject\",\"inLanguage\":\"en-US\",\"@id\":\"https:\/\/itacives.it\/?page_id=1875#primaryimage\",\"url\":\"https:\/\/itacives.it\/wp-content\/uploads\/2024\/01\/PATERNA.png\",\"contentUrl\":\"https:\/\/itacives.it\/wp-content\/uploads\/2024\/01\/PATERNA.png\",\"width\":84,\"height\":84},{\"@type\":\"BreadcrumbList\",\"@id\":\"https:\/\/itacives.it\/?page_id=1875#breadcrumb\",\"itemListElement\":[{\"@type\":\"ListItem\",\"position\":1,\"name\":\"Home\",\"item\":\"https:\/\/itacives.it\/\"},{\"@type\":\"ListItem\",\"position\":2,\"name\":\"Aree di Competenza\",\"item\":\"https:\/\/itacives.it\/?page_id=606\"},{\"@type\":\"ListItem\",\"position\":3,\"name\":\"Linea Paterna\"}]},{\"@type\":\"WebSite\",\"@id\":\"https:\/\/itacives.it\/#website\",\"url\":\"https:\/\/itacives.it\/\",\"name\":\"Ita Cives\",\"description\":\"Cittadinanza Italiana Iure Sanguinis\",\"publisher\":{\"@id\":\"https:\/\/itacives.it\/#organization\"},\"potentialAction\":[{\"@type\":\"SearchAction\",\"target\":{\"@type\":\"EntryPoint\",\"urlTemplate\":\"https:\/\/itacives.it\/?s={search_term_string}\"},\"query-input\":\"required name=search_term_string\"}],\"inLanguage\":\"en-US\"},{\"@type\":\"Organization\",\"@id\":\"https:\/\/itacives.it\/#organization\",\"name\":\"Ita Cives\",\"url\":\"https:\/\/itacives.it\/\",\"logo\":{\"@type\":\"ImageObject\",\"inLanguage\":\"en-US\",\"@id\":\"https:\/\/itacives.it\/#\/schema\/logo\/image\/\",\"url\":\"https:\/\/itacives.it\/wp-content\/uploads\/2024\/01\/cropped-ita-cives-variazione-colore-1.png\",\"contentUrl\":\"https:\/\/itacives.it\/wp-content\/uploads\/2024\/01\/cropped-ita-cives-variazione-colore-1.png\",\"width\":1168,\"height\":282,\"caption\":\"Ita Cives\"},\"image\":{\"@id\":\"https:\/\/itacives.it\/#\/schema\/logo\/image\/\"}}]}<\/script>\n<!-- \/ Yoast SEO plugin. -->","yoast_head_json":{"title":"Linea Paterna - Ita Cives","robots":{"index":"index","follow":"follow","max-snippet":"max-snippet:-1","max-image-preview":"max-image-preview:large","max-video-preview":"max-video-preview:-1"},"canonical":"https:\/\/itacives.it\/?page_id=1875","og_locale":"en_US","og_type":"article","og_title":"Linea Paterna - Ita Cives","og_description":"Linea Paterna Con riferimento alle proprie origini italiane bisogna fare per\u00f2 un\u2019importante distinzione tra linea paterna e linea materna. Oggi la legge 5 febbraio 1992 n. 91 attribuisce la cittadinanza italiana ai figli sia di madre che di padre italiano. Infatti all\u2019art. 1 si legge \u201c\u00e8 cittadino per nascita il figlio di padre o di &hellip; Linea Paterna Read More &raquo;","og_url":"https:\/\/itacives.it\/?page_id=1875","og_site_name":"Ita Cives","article_modified_time":"2024-01-17T16:31:26+00:00","og_image":[{"url":"http:\/\/itacives.it\/wp-content\/uploads\/2024\/01\/PATERNA.png"}],"twitter_card":"summary_large_image","twitter_misc":{"Est. reading time":"5 minutes"},"schema":{"@context":"https:\/\/schema.org","@graph":[{"@type":"WebPage","@id":"https:\/\/itacives.it\/?page_id=1875","url":"https:\/\/itacives.it\/?page_id=1875","name":"Linea Paterna - Ita Cives","isPartOf":{"@id":"https:\/\/itacives.it\/#website"},"primaryImageOfPage":{"@id":"https:\/\/itacives.it\/?page_id=1875#primaryimage"},"image":{"@id":"https:\/\/itacives.it\/?page_id=1875#primaryimage"},"thumbnailUrl":"http:\/\/itacives.it\/wp-content\/uploads\/2024\/01\/PATERNA.png","datePublished":"2024-01-02T23:52:18+00:00","dateModified":"2024-01-17T16:31:26+00:00","breadcrumb":{"@id":"https:\/\/itacives.it\/?page_id=1875#breadcrumb"},"inLanguage":"en-US","potentialAction":[{"@type":"ReadAction","target":["https:\/\/itacives.it\/?page_id=1875"]}]},{"@type":"ImageObject","inLanguage":"en-US","@id":"https:\/\/itacives.it\/?page_id=1875#primaryimage","url":"https:\/\/itacives.it\/wp-content\/uploads\/2024\/01\/PATERNA.png","contentUrl":"https:\/\/itacives.it\/wp-content\/uploads\/2024\/01\/PATERNA.png","width":84,"height":84},{"@type":"BreadcrumbList","@id":"https:\/\/itacives.it\/?page_id=1875#breadcrumb","itemListElement":[{"@type":"ListItem","position":1,"name":"Home","item":"https:\/\/itacives.it\/"},{"@type":"ListItem","position":2,"name":"Aree di Competenza","item":"https:\/\/itacives.it\/?page_id=606"},{"@type":"ListItem","position":3,"name":"Linea Paterna"}]},{"@type":"WebSite","@id":"https:\/\/itacives.it\/#website","url":"https:\/\/itacives.it\/","name":"Ita Cives","description":"Cittadinanza Italiana Iure Sanguinis","publisher":{"@id":"https:\/\/itacives.it\/#organization"},"potentialAction":[{"@type":"SearchAction","target":{"@type":"EntryPoint","urlTemplate":"https:\/\/itacives.it\/?s={search_term_string}"},"query-input":"required name=search_term_string"}],"inLanguage":"en-US"},{"@type":"Organization","@id":"https:\/\/itacives.it\/#organization","name":"Ita Cives","url":"https:\/\/itacives.it\/","logo":{"@type":"ImageObject","inLanguage":"en-US","@id":"https:\/\/itacives.it\/#\/schema\/logo\/image\/","url":"https:\/\/itacives.it\/wp-content\/uploads\/2024\/01\/cropped-ita-cives-variazione-colore-1.png","contentUrl":"https:\/\/itacives.it\/wp-content\/uploads\/2024\/01\/cropped-ita-cives-variazione-colore-1.png","width":1168,"height":282,"caption":"Ita Cives"},"image":{"@id":"https:\/\/itacives.it\/#\/schema\/logo\/image\/"}}]}},"_links":{"self":[{"href":"https:\/\/itacives.it\/index.php?rest_route=\/wp\/v2\/pages\/1875"}],"collection":[{"href":"https:\/\/itacives.it\/index.php?rest_route=\/wp\/v2\/pages"}],"about":[{"href":"https:\/\/itacives.it\/index.php?rest_route=\/wp\/v2\/types\/page"}],"author":[{"embeddable":true,"href":"https:\/\/itacives.it\/index.php?rest_route=\/wp\/v2\/users\/1"}],"replies":[{"embeddable":true,"href":"https:\/\/itacives.it\/index.php?rest_route=%2Fwp%2Fv2%2Fcomments&post=1875"}],"version-history":[{"count":23,"href":"https:\/\/itacives.it\/index.php?rest_route=\/wp\/v2\/pages\/1875\/revisions"}],"predecessor-version":[{"id":2668,"href":"https:\/\/itacives.it\/index.php?rest_route=\/wp\/v2\/pages\/1875\/revisions\/2668"}],"up":[{"embeddable":true,"href":"https:\/\/itacives.it\/index.php?rest_route=\/wp\/v2\/pages\/606"}],"wp:attachment":[{"href":"https:\/\/itacives.it\/index.php?rest_route=%2Fwp%2Fv2%2Fmedia&parent=1875"}],"curies":[{"name":"wp","href":"https:\/\/api.w.org\/{rel}","templated":true}]}}